d by 2607?
2577
Calculate the remainder when 16745721 is divided by 4186427.
13
What is the remainder when 839698 is divided by 2307?
2257
Calculate the remainder when 1386282 is divided by 3573.
3531
Calculate the remainder when 20070227 is divided by 78.
47
Calculate the remainder when 507076 is divided by 1609.
241
Calculate the remainder when 958706 is divided by 958500.
206
Calculate the remainder when 131623 is divided by 48.
7
What is the remainder when 41054322 is divided by 615?
612
What is the remainder when 5820046 is divided by 6481?
108
What is the remainder when 1426472 is divided by 62008?
288
Calculate the remainder when 132462 is divided by 6021.
0
Calculate the remainder when 1099873726 is divided by 108.
106
What is the remainder when 1258924 is divided by 158?
138
What is the remainder when 58680 is divided by 4193?
4171
Calculate the remainder when 1238030 is divided by 150.
80
Calculate the remainder when 785422 is divided by 16362.
46
Calculate the remainder when 174156 is divided by 7251.
132
Calculate the remainder when 4261397 is divided by 6732.
41
What is the remainder when 1484423 is divided by 1041?
998
Calculate the remainder when 1106666 is divided by 113.
57
What is the remainder when 12378902 is divided by 243?
239
Calculate the remainder when 3826976 is divided by 114.
110
What is the remainder when 17669523 is divided by 144?
3
Calculate the remainder when 15798783 is divided by 356.
215
Calculate the remainder when 157065552 is divided by 564984.
0
Calculate the remainder when 40427 is divided by 136.
35
What is the remainder when 1311061 is divided by 997?
6
What is the remainder when 2021649 is divided by 673851?
96
Calculate the remainder when 1041589 is divided by 484.
21
Calculate the remainder when 1246080 is divided by 56640.
0
Calculate the remainder when 2342176 is divided by 11.
1
What is the remainder when 6871591 is divided by 17802?
19
What is the remainder when 965335 is divided by 3623?
1617
Calculate the remainder when 595101 is divided by 119017.
16
Calculate the remainder when 22242084 is divided by 44.
40
Calculate the remainder when 198369 is divided by 1787.
12
Calculate the remainder when 24781 is divided by 7554.
2119
What is the remainder when 139610 is divided by 469?
317
Calculate the remainder when 15077311 is divided by 32.
31
What is the remainder when 36561292 is divided by 794809?
78
What is the remainder when 21707022 is divided by 15?
12
Calculate the remainder when 95538 is divided by 2652.
66
What is the remainder when 37447916 is divided by 18723955?
6
What is the remainder when 31225490 is divided by 2678?
10
Calculate the remainder when 108574 is divided by 36180.
34
Calculate the remainder when 100674 is divided by 12583.
10
Calculate the remainder when 7971187 is divided by 7838.
7779
What is the remainder when 14777388 is divided by 69?
3
Calculate the remainder when 198090 is divided by 198003.
87
Calculate the remainder when 17512620 is divided by 85.
70
What is the remainder when 170241 is divided by 1284?
753
What is the remainder when 420559624 is divided by 6703?
6701
Calculate the remainder when 714326 is divided by 3076.
694
What is the remainder when 937107 is divided by 199?
16
What is the remainder when 96822347 is divided by 788?
787
What is the remainder when 147523 is divided by 16391?
4
What is the remainder when 589879 is divided by 11563?
166
What is the remainder when 7715562 is divided by 11870?
62
What is the remainder when 1698737 is divided by 199?
73
Calculate the remainder when 21946095 is divided by 83.
65
What is the remainder when 453920 is divided by 680?
360
Calculate the remainder when 347666 is divided by 173524.
618
What is the remainder when 259696 is divided by 11278?
302
Calculate the remainder when 29585211 is divided by 218.
213
Calculate the remainder when 69127811 is divided by 90.
71
What is the remainder when 5478748 is divided by 641?
121
Calculate the remainder when 24354943 is divided by 277.
272
Calculate the remainder when 725897 is divided by 639.
632
Calculate the remainder when 21659 is divided by 139.
114
What is the remainder when 918548 is divided by 2992?
4
Calculate the remainder when 1382749 is divided by 323.
309
What is the remainder when 65011 is divided by 4327?
106
Calculate the remainder when 129460272 is divided by 33.
18
Calculate the remainder when 78867631 is divided by 43.
41
What is the remainder when 299273242 is divided by 14593?
14591
What is the remainder when 11824455 is divided by 759?
753
Calculate the remainder when 77773183 is divided by 45.
43
What is the remainder when 26956 is divided by 5391?
1
What is the remainder when 17672836 is divided by 724?
720
Calculate the remainder when 608287 is divided by 190.
97
What is the remainder when 1954509 is divided by 42488?
61
What is the remainder when 247654 is divided by 6184?
294
What is the remainder when 48245 is divided by 4774?
505
Calculate the remainder when 7545562 is divided by 269.
112
What is the remainder when 141619 is divided by 1049?
4
Calculate the remainder when 451697 is divided by 133.
29
What is the remainder when 10746343 is divided by 724?
11
Calculate the remainder when 1011382 is divided by 797.
786
Calculate the remainder when 3723360 is divided by 1241095.
75
Calculate the remainder when 2142066 is divided by 535224.
1170
Calculate the remainder when 41114 is divided by 8171.
259
What is the remainder when 110440 is divided by 381?
331
Calculate the remainder when 850372066 is divided by 546.
544
What is the remainder when 635159 is divided by 1043?
1015
Calculate the remainder when 78990 is divided by 728.
366
Calculate the remainder when 4154711 is divided by 891.
869
What is the remainder when 136759 is divided by 132168?
4591
Calculate the remainder when 5126019 is divided by 2705.
44
What is the remainder when 84340861 is divided by 1414?
3
Calculate the remainder when 17757217 is divided by 2536743.
16
What is the remainder when 19190 is divided by 4763?
138
What is the remainder when 36432969 is divided by 45770?
49
Calculate the remainder when 672930 is divided by 159.
42
What is the remainder when 29916088 is divided by 826?
20
What is the remainder when 12832451 is divided by 15?
11
What is the remainder when 4178050 is divided by 579?
565
Calculate the remainder when 13476880 is divided by 36.
28
Calculate the remainder when 89109 is divided by 22235.
169
What is the remainder when 88367 is divided by 28864?
1775
What is the remainder when 58045676 is divided by 19348496?
188
Calculate the remainder when 16931 is divided by 3030.
1781
Calculate the remainder when 3071505 is divided by 10628.
13
Calculate the remainder when 570325 is divided by 1783.
1548
Calculate the remainder when 1447659953 is divided by 1156.
1153
Calculate the remainder when 247795 is divided by 240.
115
Calculate the remainder when 61467369 is divided by 483995.
4
Calculate the remainder when 5144590 is divided by 24153.
1
What is the remainder when 1411681 is divided by 399?
19
What is the remainder when 2294130 is divided by 382355?
0
What is the remainder when 501193 is divided by 1954?
969
What is the remainder when 4064308 is divided by 15?
13
What is the remainder when 2535693 is divided by 1106?
741
What is the remainder when 9233310 is divided by 100362?
6
Calculate the remainder when 622667 is divided by 356.
23
Calculate the remainder when 65293 is divided by 45.
43
What is the remainder when 114968022 is divided by 85?
82
What is the remainder when 9364838 is divided by 2142?
14
What is the remainder when 3907134 is divided by 437?
354
Calculate the remainder when 94578 is divided by 397.
92
What is the remainder when 134393389 is divided by 373?
370
Calculate the remainder when 398941 is divided by 688.
589
Calculate the remainder when 936523 is divided by 108.
55
What is the remainder when 376759 is divided by 15070?
9
Calculate the remainder when 695628 is divided by 38646.
0
Calculate the remainder when 57742 is divided by 2754.
2662
What is the remainder when 14647267 is divided by 278?
3
What is the remainder when 490570 is divided by 1740?
1630
What is the remainder when 938905 is divided by 469344?
217
Calculate 